14?
False
Is 1029553004 a multiple of 70?
False
Is 24837295 a multiple of 683?
True
Is 97 a factor of 22228229?
True
Is 5436 a factor of 202099608?
True
Does 167 divide 339797041?
False
Does 498 divide 309141342?
False
Does 10 divide 38077680?
True
Does 855 divide 93036825?
True
Does 1626 divide 192419214?
True
Is 10 a factor of 649200652?
False
Does 981 divide 190793374?
False
Is 85 a factor of 2551445?
True
Is 228769840 a multiple of 57?
False
Is 21 a factor of 10564488?
False
Is 7763790 a multiple of 5?
True
Does 216 divide 26466480?
True
Is 544611 a multiple of 6?
False
Does 863 divide 82438938?
True
Is 81 a factor of 20093589?
True
Is 491043 a multiple of 469?
True
Is 48 a factor of 773507746?
False
Does 6359 divide 197656797?
True
Does 6 divide 37500543?
False
Is 239107381 a multiple of 11?
False
Is 29033818 a multiple of 2?
True
Does 1421 divide 483034047?
False
Is 4 a factor of 5026966?
False
Does 104 divide 17571763?
False
Is 2 a factor of 198817178?
True
Does 12 divide 32509476?
True
Is 7433199327 a multiple of 12?
False
Is 2965 a factor of 357833990?
True
Is 144095688 a multiple of 132?
True
Is 72633552 a multiple of 20?
False
Is 76788275 a multiple of 25?
True
Is 19 a factor of 19304532?
True
Is 1649183227 a multiple of 1475?
False
Does 415 divide 25214155?
True
Is 86690565 a multiple of 3411?
True
Does 830 divide 30002840?
True
Does 13 divide 100679007?
True
Does 478 divide 1833640026?
True
Is 994 a factor of 501608184?
True
Is 2181912 a multiple of 8?
True
Is 234402247 a multiple of 209?
False
Is 3315 a factor of 107475615?
True
Does 23 divide 51195267?
False
Is 3594 a factor of 96818766?
True
Is 137 a factor of 143348032?
True
Does 23 divide 33773706?
True
Does 378 divide 9017377?
False
Is 1901231344 a multiple of 3358?
False
Is 911 a factor of 1531044468?
False
Is 60167760 a multiple of 85?
True
Is 53912100 a multiple of 2805?
True
Is 18214152 a multiple of 12?
True
Is 2210242 a multiple of 130?
False
Does 94 divide 604633413?
False
Is 5451 a factor of 1163270655?
True
Is 9 a factor of 44444314?
False
Is 12743939 a multiple of 277?
True
Does 103 divide 3711003473?
False
Is 344 a factor of 671178056?
True
Is 10570027 a multiple of 718?
False
Does 2886 divide 773875128?
True
Is 842 a factor of 4203989389?
False
Does 25 divide 661846875?
True
Is 1853 a factor of 50846320?
True
Does 925 divide 45795228?
False
Does 2476 divide 4392830064?
True
Is 911351099 a multiple of 5294?
False
Is 61290278 a multiple of 3626?
True
Is 247934372 a multiple of 12?
False
Is 24502637 a multiple of 319?
False
Is 877473352 a multiple of 2294?
True
Is 72 a factor of 22264056?
True
Does 813 divide 117621135?
False
Does 1351 divide 132042800?
False
Is 1905505 a multiple of 13?
False
Is 20 a factor of 71832960?
True
Does 1489 divide 321569218?
False
Is 66868991 a multiple of 32?
False
Is 141 a factor of 25369002?
True
Is 572363360 a multiple of 218?
True
Is 1516 a factor of 600646780?
True
Is 362 a factor of 417427992?
True
Is 591634088 a multiple of 3316?
True
Is 48838752 a multiple of 73?
True
Does 276 divide 128694108?
True
Does 11 divide 18056864?
False
Is 119478171 a multiple of 12?
False
Does 743 divide 50161262?
False
Is 4 a factor of 1391430922?
False
Is 612585141 a multiple of 463?
False
Does 47 divide 58145909?
True
Is 6553451 a multiple of 265?
False
Is 3277007 a multiple of 18?
False
Does 537 divide 75966705?
True
Does 692 divide 1864213400?
True
Is 18541375 a multiple of 125?
True
Does 539 divide 1301146?
True
Is 133702311 a multiple of 21?
False
Is 124041690 a multiple of 1506?
True
Does 46 divide 11258100?
False
Is 691556796 a multiple of 4298?
True
Does 12 divide 211342536?
True
Is 193 a factor of 2758374?
False
Is 6806 a factor of 204894630?
True
Does 382 divide 214486506?
True
Does 9 divide 3910047336?
True
Is 79984858 a multiple of 277?
True
Does 32 divide 169668800?
True
Does 301 divide 3774458?
False
Is 1489 a factor of 527412734?
True
Is 18 a factor of 38995234?
False
Does 10 divide 12549507?
False
Is 61748919 a multiple of 9?
True
Is 145056256 a multiple of 73?
True
Is 1264 a factor of 21411097?
False
Is 177838362 a multiple of 4374?
False
Does 65 divide 964917839?
False
Is 22 a factor of 13654946?
False
Is 2754894 a multiple of 176?
False
Is 608 a factor of 233560160?
True
Is 6964638 a multiple of 146?
True
Is 44784815 a multiple of 76?
False
Does 674 divide 57441337?
False
Is 440320860 a multiple of 3870?
True
Is 16 a factor of 4453417?
False
Is 247324916 a multiple of 724?
True
Is 9038814 a multiple of 273?
False
Is 134910742 a multiple of 5?
False
Is 17691336 a multiple of 13?
True
Is 25 a factor of 1201460350?
True
Is 86 a factor of 6523100?
True
Does 179 divide 4674314?
False
Is 569 a factor of 70652822?
False
Is 819216876 a multiple of 6052?
True
Is 613 a factor of 14093290?
False
Does 165 divide 443355?
True
Is 109 a factor of 5273240368?
True
Is 317351816 a multiple of 404?
False
Does 415 divide 201401760?
False
Is 26819520 a multiple of 84?
True
Is 962622850 a multiple of 1085?
True
Is 38 a factor of 92396734?
True
Is 43901345 a multiple of 13?
False
Is 8 a factor of 9666307?
False
Is 324246420 a multiple of 282?
True
Does 12 divide 38359036?
False
Is 4762924 a multiple of 2?
True
Is 3772648 a multiple of 86?
True
Is 2075 a factor of 345499950?
True
Is 1750888600 a multiple of 164?
True
Does 622 divide 140948310?
True
Does 305 divide 94794560?
False
Is 634 a factor of 654473762?
True
Is 17235319 a multiple of 1080?
False
Is 5004362794 a multiple of 738?
False
Does 423 divide 9050713?
False
Is 8 a factor of 3049575?
False
Is 6 a factor of 205062966?
True
Is 1264571558 a multiple of 97?
False
Is 130 a factor of 628775680?
True
Is 1407 a factor of 202232331?
True
Is 4300 a factor of 5589630788?
False
Does 3943 divide 52094916?
True
Is 424 a factor of 58442984?
False
Does 6 divide 507966308?
False
Does 5 divide 66237948?
False
Is 1893 a factor of 711059052?
False
Is 4125199680 a multiple of 168?
True
Is 301 a factor of 381841677?
True
Is 1546936416 a multiple of 24?
True
Does 34 divide 16192010?
False
Is 195 a factor of 35396669?
False
Is 29 a factor of 1388202943?
True
Is 3664880 a multiple of 5?
True
Does 2255 divide 1760938425?
False
Does 102 divide 1627483535?
False
Does 313 divide 105220584?
True
Is 193 a factor of 34627743?
False
Is 136 a factor of 3781480?
True
Is 58 a factor of 191438242?
False
Is 118 a factor of 439910243?
False
Is 453654584 a multiple of 4?
True
Is 14 a factor of 80275440?
True
Does 140 divide 3201382?
False
Is 142 a factor of 621560105?
False
Does 5 divide 94489336?
False
Is 9 a factor of 1583182458?
True
Is 5 a factor of 3191492?
False
Is 34540249 a multiple of 80?
False
Does 192 divide 786410151?
False
Is 525997360 a multiple of 4?
True
Is 6378056 a multiple of 428?
True
Is 235916930 a multiple of 416?
False
Does 28 divide 12707467?
False
Is 243233225 a multiple of 42?
False
Is 29 a factor of 4393698451?
False
Is 149 a factor of 540487070?
True
Is 17269741 a multiple of 3?
False
Does 5 divide 52199450?
True
Is 50370957 a multiple of 39?
True
Is 677848182 a multiple of 11?
True
Is 452385688 a multiple of 24?
False
Does 214 divide 139684123?
False
Is 21464495 a multiple of 31?
False
Is 2114 a factor of 14079240?
True
Does 109 divide 703151835?
False
Is 1770573502 a multiple of 294?
False
Does 1645 divide 32481633?
False
Is 10 a factor of 187032061?
False
Is 681821329 a multiple of 49?
True
Does 15 divide 34112880?
True
Does 1502 divide 98807568?
True
Is 108 a factor of 17009404?
False
Does 285 divide 2891040?
True
Is 4448 a factor of 169781228?
False
Is 37046801 a multiple of 11?
True
Is 6184 a factor of 320802230?
False
Is 15 a factor of 3677144?
False
Is 21196978 a multiple of 11?
True
Does 88 divide 15306456?
True
Does 24 divide 962231541?
False
Is 1103201715 a multiple of 15?
True
Is 183 a factor of 4501617?
True
Is 1091659503 a multiple of 2141?
True
Is 2120 a factor of 3037960?
True
Does 1477 divide 2597013531?
True
Is 963951984 a multiple of 123?
True
Is 4538453491 a multiple of 213?
False
Is 4 a factor of 287553788?
True
Is 56920698 a multiple of 23?
False
Is 17835580 a multiple of 1610?
True
Is 313 a factor of 1405505443?
False
Does 306 divide 38368785?
False
Is 4164 a factor of 1301050